93324?
9
What is the thousands digit of 30998810?
8
What is the millions digit of 1323819?
1
What is the tens digit of 6151207?
0
What is the tens digit of 3405088?
8
What is the thousands digit of 1895479?
5
What is the tens digit of 6015789?
8
What is the hundred thousands digit of 279850?
2
What is the hundred thousands digit of 6587556?
5
What is the tens digit of 190390?
9
What is the ten thousands digit of 289487?
8
What is the hundreds digit of 96457?
4
What is the millions digit of 2945784?
2
What is the hundreds digit of 152337?
3
What is the units digit of 8576508?
8
What is the thousands digit of 7352363?
2
What is the ten thousands digit of 7732570?
3
What is the ten thousands digit of 66877?
6
What is the tens digit of 253901?
0
What is the tens digit of 8471274?
7
What is the units digit of 489614?
4
What is the ten thousands digit of 176353?
7
What is the tens digit of 4040226?
2
What is the ten thousands digit of 2439555?
3
What is the thousands digit of 93460?
3
What is the units digit of 3019504?
4
What is the ten thousands digit of 856084?
5
What is the ten thousands digit of 5067923?
6
What is the ten thousands digit of 416301?
1
What is the thousands digit of 1477411?
7
What is the hundreds digit of 286828?
8
What is the tens digit of 336148?
4
What is the hundred thousands digit of 181583?
1
What is the tens digit of 5025671?
7
What is the hundred thousands digit of 413980?
4
What is the hundreds digit of 1658196?
1
What is the ten thousands digit of 3746532?
4
What is the units digit of 4321312?
2
What is the hundreds digit of 109541?
5
What is the hundred thousands digit of 1219505?
2
What is the millions digit of 10038450?
0
What is the thousands digit of 764821?
4
What is the hundred thousands digit of 17339828?
3
What is the thousands digit of 211327?
1
What is the units digit of 3332640?
0
What is the ten thousands digit of 66030?
6
What is the thousands digit of 282600?
2
What is the units digit of 2076578?
8
What is the thousands digit of 3037904?
7
What is the tens digit of 925426?
2
What is the hundred thousands digit of 2341860?
3
What is the thousands digit of 1733499?
3
What is the millions digit of 8494822?
8
What is the ten thousands digit of 415841?
1
What is the ten thousands digit of 7633805?
3
What is the hundred thousands digit of 19944295?
9
What is the millions digit of 1981865?
1
What is the tens digit of 332895?
9
What is the hundred thousands digit of 13473060?
4
What is the hundred thousands digit of 42918601?
9
What is the ten thousands digit of 560060?
6
What is the hundreds digit of 201368?
3
What is the tens digit of 100800?
0
What is the units digit of 635734?
4
What is the ten thousands digit of 1869655?
6
What is the ten thousands digit of 472792?
7
What is the hundreds digit of 64406?
4
What is the hundreds digit of 2896214?
2
What is the tens digit of 1384600?
0
What is the hundred thousands digit of 15122462?
1
What is the units digit of 395305?
5
What is the hundreds digit of 15720212?
2
What is the hundred thousands digit of 9734799?
7
What is the thousands digit of 460497?
0
What is the thousands digit of 570494?
0
What is the thousands digit of 953556?
3
What is the ten thousands digit of 478457?
7
What is the ten thousands digit of 143188?
4
What is the hundreds digit of 268188?
1
What is the hundreds digit of 1368783?
7
What is the millions digit of 4095898?
4
What is the hundreds digit of 305018?
0
What is the thousands digit of 7121752?
1
What is the hundred thousands digit of 130570?
1
What is the hundreds digit of 321321?
3
What is the hundred thousands digit of 175259?
1
What is the hundreds digit of 341449?
4
What is the hundred thousands digit of 9213355?
2
What is the hundreds digit of 3730022?
0
What is the hundreds digit of 1891?
8
What is the hundred thousands digit of 39324704?
3
What is the hundreds digit of 4110098?
0
What is the tens digit of 3204816?
1
What is the ten thousands digit of 333701?
3
What is the millions digit of 5448813?
5
What is the tens digit of 1040486?
8
What is the ten thousands digit of 883556?
8
What is the thousands digit of 82681?
2
What is the units digit of 933298?
8
What is the hundreds digit of 1098807?
8
What is the tens digit of 3168729?
2
What is the thousands digit of 192996?
2
What is the hundred thousands digit of 193182?
1
What is the tens digit of 1534486?
8
What is the thousands digit of 48944?
8
What is the millions digit of 15978405?
5
What is the tens digit of 2972848?
4
What is the thousands digit of 16676889?
6
What is the thousands digit of 3650821?
0
What is the hundred thousands digit of 547227?
5
What is the hundred thousands digit of 1719278?
7
What is the units digit of 286902?
2
What is the thousands digit of 376060?
6
What is the hundreds digit of 2258137?
1
What is the ten thousands digit of 672421?
7
What is the tens digit of 139769?
6
What is the thousands digit of 246618?
6
What is the hundred thousands digit of 586104?
5
What is the hundred thousands digit of 6621262?
6
What is the units digit of 7981471?
1
What is the hundreds digit of 12158124?
1
What is the hundreds digit of 55460?
4
What is the millions digit of 6771137?
6
What is the hundreds digit of 1587947?
9
What is the hundreds digit of 3896962?
9
What is the units digit of 94748?
8
What is the millions digit of 2904532?
2
What is the hundreds digit of 15699886?
8
What is the tens digit of 87274?
7
What is the hundred thousands digit of 4136088?
1
What is the thousands digit of 4764338?
4
What is the units digit of 141308?
8
What is the units digit of 1610433?
3
What is the millions digit of 9125948?
9
What is the thousands digit of 2626497?
6
What is the ten millions digit of 10138590?
1
What is the units digit of 449785?
5
What is the hundred thousands digit of 5510281?
5
What is the ten thousands digit of 957633?
5
What is the ten millions digit of 30965078?
3
What is the ten thousands digit of 26446826?
4
What is the units digit of 85796?
6
What is the hundred thousands digit of 3240414?
2
What is the thousands digit of 20095145?
5
What is the ten thousands digit of 873323?
7
What is the thousands digit of 23036893?
6
What is the ten thousands digit of 233534?
3
What is the hundreds digit of 1889856?
8
What is the hundreds digit of 337820?
8
What is the units digit of 19208341?
1
What is the tens digit of 17550?
5
What is the units digit of 10747426?
6
What is the hundreds digit of 2982793?
7
What is the millions digit of 1886104?
1
What is the ten thousands digit of 165832?
6
What is the millions digit of 21458048?
1
What is the thousands digit of 4748208?
8
What is the tens digit of 958948?
4
What is the units digit of 1223658?
8
What is the thousands digit of 3534234?
4
What is the thousands digit of 179699?
9
What is the units digit of 1167899?
9
What is the ten thousands digit of 3150580?
5
What is the ten thousands digit of 361986?
6
What is the hundreds digit of 4633399?
3
What is the ten thousands digit of 4006659?
0
What is the tens digit of 4295?
9
What is the thousands digit of 9888673?
8
What is the ten thousands digit of 8477574?
7
What is the tens digit of 4080858?
5
What is the hundreds digit of 671380?
3
What is the hundreds digit of 5803337?
3
What is the tens digit of 6973783?
8
What is the ten thousands digit of 2089840?
8
What is the ten thousands digit of 101932?
0
What is the units digit of 16048564?
4
What is the millions digit of 1602607?
1
What is the ten thousands digit of 495250?
9
What is the hundred thousands digit of 1229772?
2
What is the hundred thousands digit of 539553?
5
What is the millions digit of 5474076?
5
What is the millions digit of 2409452?
2
What is the units digit of 333018?
8
What is the hundred thousands digit of 865931?
8
What is the tens digit of 301359?
5
What is the tens digit of 875524?
2
What is the ten thousands digit of 16434403?
3
What is the units digit of 56599?
9
What is the ten thousands digit of 233592?
3
What is the tens digit of 460916?
1
What is the ten thousands digit of 93309?
9
What is the hundreds digit of 131677?
6
What is the hundreds digit of 681161?
1
What is the thousands digit of 19841231?
1
What is the hundreds digit of 77215?
2
What is the tens digit of 1321245?
4
Wh